= 4*c. List the prime factors of n.
3, 317
Let r(m) = 0*m**2 + m + 2*m**2 - m**3 + 3*m**2 - 7 - 4*m**2. Let z be r(-5). Suppose 0 = -2*q + z - 56. List the prime factors of q.
41
Let t = 232 + 964. List the prime factors of t.
2, 13, 23
Let r = -1874 - -2629. What are the prime factors of r?
5, 151
Suppose -10 + 2 = -4*u. Suppose -2*s + 3*c = -25, 5*s - 4*s - u*c - 15 = 0. Suppose 60 = s*h - 3*f + 2*f, f = 0. List the prime factors of h.
2, 3
Suppose 3*q = 2*q - 5*z + 43, 4*q + z - 96 = 0. Suppose 3*d + q + 7 = 0. What are the prime factors of 5*(2 + (-98)/d)?
59
Let n be (2/(-4) - 1)/(1/(-2)). Suppose -o + 119 = -0*o + n*i, 0 = 4*i. List the prime factors of o.
7, 17
Let p be 1*18/(-1 + 0). Let n be (-194)/18 - p/(-81). Let v = n - -29. List the prime factors of v.
2, 3
Let a = 977 - 540. List the prime factors of a.
19, 23
Let w(j) = -123*j**3 + 3*j. Let d(n) = 245*n**3 - 7*n. Let x(l) = 2*d(l) + 5*w(l). What are the prime factors of x(-1)?
2, 31
Suppose 4*h - 9*h = -25. Suppose -3*g - 4*p = -251 - 97, 0 = 2*g - 2*p - 246. Suppose 0*w + g = h*w. What are the prime factors of w?
2, 3
Let c(a) = 56*a**2 + 45*a + 219. What are the prime factors of c(-9)?
2, 3, 5, 29
Suppose 8 = m + 4. Suppose 2*l + 3*i - 23 = 0, -3 = -4*l + m*i - 7. Suppose -l*t + 4*d + 20 = 4, 3*t - 52 = -5*d. List the prime factors of t.
3
Let i(k) = k**2 + 9*k + 10. Let p be i(-13). Suppose -2*o = 5*f - o - 155, 2*f + 3*o = p. What are the prime factors of f?
31
Suppose 2*b - 2*q + 4*q = -8, b - 8 = -4*q. List the prime factors of (-798)/(-9) - b/(-12).
2, 11
Let x be 6/21 - (-2)/(-7). Suppose x*m - 3*k = m - 47, -5*m + 235 = -5*k. Suppose -4*f = -m - 89. List the prime factors of f.
2, 17
List the prime factors of (1 - (-2856)/(-10))/(42/(-210)).
1423
Suppose -25 + 65 = 4*p. Suppose 4 = k + p. Let x(d) = -7*d + 12. What are the prime factors of x(k)?
2, 3
Suppose 9*u = 825 + 165. What are the prime factors of u?
2, 5, 11
Let d be (3 - 4)/(2/(-10)). Suppose 4*n = -q - 0*q + 13, q - d*n - 31 = 0. Let g = 29 - q. What are the prime factors of g?
2
Let b(y) = y**3 - 4*y**2 - 2*y + 11. Let p(c) = -c**3 + 5*c**2 + c - 11. Let i(a) = 3*b(a) + 4*p(a). What are the prime factors of i(6)?
7
Suppose -6*x + x = -2*y + 10, 2*y = x + 10. Suppose x = -0*b + 3*b - 21. Let z = b - -14. List the prime factors of z.
3, 7
Let m be (-22)/165 - 476/30. List the prime factors of -106*4/m*2.
53
Suppose 2603 = n + s, 0 = -7*n + 8*n + 2*s - 2598. What are the prime factors of n?
2, 163
Suppose 0 = 3*a - 915 - 3543. List the prime factors of a.
2, 743
Suppose -3*j = 33*j - 44424. What are the prime factors of j?
2, 617
Let b(z) be the second derivative of z**4/12 - z**3/6 + 9*z**2 - 2*z. What are the prime factors of b(0)?
2, 3
Suppose -h = -4*h - 3. What are the prime factors of (-5 - (-4 - h)) + 55?
53
Suppose y + 84 = -3*y. Let c = y + 41. What are the prime factors of c?
2, 5
Suppose 0*h = -4*h. Suppose -5*i - 10 = h, 3*k - 5*i + 2 = -24. What are the prime factors of (k*1)/3 + 51?
47
Let g(o) = 44*o - 2. Let m be g(9). Suppose -5*n - f + m = -3*f, -4*n = 3*f - 329. List the prime factors of n.
2, 5
Suppose 0 = 3*s + 2*t + 2 + 2, -4*t = 20. List the prime factors of (-3)/s*374/(-33).
17
Suppose -4 = -0*s + s, 0 = 2*z + 4*s - 860. Suppose -z = -14*j + 12*j. List the prime factors of j.
3, 73
Let u(n) = -n**3 + 8*n**2 + 12*n + 14. List the prime factors of u(-6).
2, 223
Let z be (-86)/6*-4*(-18)/(-24). Let b = 58 - z. What are the prime factors of b?
3, 5
Let w be 2 + (-10)/(-6)*-3. Let t(a) = 11*a**2 + 9*a + 28. List the prime factors of t(w).
2, 5
Let a be (-161)/(-2) + 1*8/(-16). Let q = 23 + a. What are the prime factors of q?
103
Let o(n) = n**3 + n**2 + n + 120. Let b be 0/(-2 - (-4 + (5 - 2))). What are the prime factors of o(b)?
2, 3, 5
Suppose -2*i - 198 = 2*y - 1136, 5*y + 3*i - 2343 = 0. What are the prime factors of y?
2, 3, 13
Suppose 236*b - 239*b + 10530 = 0. What are the prime factors of b?
2, 3, 5, 13
Let c = 1020 - -134. What are the prime factors of c?
2, 577
Let p be (16/(-12))/((-6)/198). Let i be (-11)/p - (-145)/4. Let o = 45 - i. What are the prime factors of o?
3
Suppose 11*r - 14*r - 432 = 0. Let i = r - -204. What are the prime factors of 3/4 + 2295/i?
3, 13
Let z be (-130 + 2)/(-4) - 2. Let x be 21*(3 - z/14). Suppose x = -4*v + 5*v - 2*t, -5*v = -t - 135. List the prime factors of v.
2, 7
Let m(i) be the second derivative of -6*i + 5/6*i**4 - 5/3*i**3 - 1/20*i**5 + 11/2*i**2 + 0. What are the prime factors of m(9)?
2
Suppose -14 = -2*w - 2*j, -3*j = 3*w - 7*w + 7. Suppose 3*c = w*d - 180, 5*d = d - c + 180. Suppose d - 15 = 2*z. What are the prime factors of z?
3, 5
What are the prime factors of 135 + 687 - (-3 + 1)?
2, 103
Let q = 482 - 179. What are the prime factors of q?
3, 101
Let p be (-11)/3*1 - (-16)/24. What are the prime factors of p*3/3 - -130?
127
Suppose 4*x = -3*l - 8, 0 = 2*l + x - 4*x - 6. Suppose 5*p - 125 + 25 = l. Let v = p - 14. What are the prime factors of v?
2, 3
Suppose 0 = -i + 3, 3*y = -2*i + 51. Let f = -13 + y. What are the prime factors of (0 - -4)/(f + -1)?
2
Suppose 1 = -4*f + 3*w - 15, 3*f + 3*w + 12 = 0. Let b(i) = -2*i**3 + 9*i + 7. What are the prime factors of b(f)?
3, 11
Suppose -v = 3*h + 11, v + h = -0*h - 5. What are the prime factors of ((-9)/v)/((-1)/(-12))?
2, 3
Let u = 3981 - 325. What are the prime factors of u?
2, 457
Let c = 10 - 10. Let o(j) = -j**2 - j + 9. Let u be o(c). Let t = 41 - u. List the prime factors of t.
2
Let g = 414 - -662. What are the prime factors of g?
2, 269
Suppose -1440 = 17*q - 19*q. Suppose 5*t + t = q. List the prime factors of t.
2, 3, 5
Suppose -g = -1 - 3. Let b(u) = -u**2 + 7*u - 9. Let s be b(g). What are the prime factors of (s + -4)/(4/(-164))?
41
Suppose -7*d - 10 = -9*d. Suppose 0 = d*h + 5*f - 370, 3*f + 327 = 3*h + 123. List the prime factors of h.
71
Let m be (1 - -4) + 3/3. Let u(h) = 6*h**2 - 11*h - 5. Let r(j) = -2*j**2 + 4*j + 2. Let c(x) = m*u(x) + 17*r(x). List the prime factors of c(3).
2, 7
Suppose -6*j = -2*j - 668. Suppose 0 = -5*u + s - 524, 2*s = -4*u + s - 412. Let c = j + u. What are the prime factors of c?
3, 7
Let y = -29 + 26. Suppose 3*q = q + 18. What are the prime factors of (8/y)/((-2)/q)?
2, 3
Let w(h) = h**3 - 7*h**2 - 9*h + 16. Let m be w(8). Let g be (-6)/(-21) + 61/7. Suppose -g*x + 81 = -m*x. List the prime factors of x.
3
Suppose 0 = 7*m - 3*m + 5*y - 164, -123 = -3*m + 5*y. Let f = 78 - m. Suppose 6*b = 23 + f. What are the prime factors of b?
2, 5
Suppose 44*z - 35*z - 9702 = 0. What are the prime factors of z?
2, 7, 11
Let s(w) = w**2 - 6*w + 7. Suppose 4*h - 9 = 7. Let k be (h/6)/(10/105). List the prime factors of s(k).
2, 7
What are the prime factors of ((4 - 9) + 2)/((-6)/1660)?
2, 5, 83
Suppose -15*o = -25*o + 2210. List the prime factors of o.
13, 17
Suppose -20*f + 27*f = -672. List the prime factors of -2 + f*2*9/(-12).
2, 71
Let l(x) = 2*x**2 + 9*x - 3. Let f be l(-5). Suppose 0 = -f*r + r + 58. List the prime factors of r.
2, 29
Let r = -3 + 6. Suppose v = -r*v + 180. Suppose 0 = 5*k - v - 35. List the prime factors of k.
2
Suppose -466 - 217 = -r - 4*f, -3*f + 3500 = 5*r. List the prime factors of r.
19, 37
Suppose -468 = 6*o - 1818. List the prime factors of o.
3, 5
Suppose 0 = -5*p - 144 - 141. Suppose 2*a + 0*a - 114 = 0. What are the prime factors of (p/(-2))/(a/76)?
2, 19
Let m(g) = -g**2 - 6*g + 3. Let p be m(-6). Suppose -9 = -5*s + 1, -p*y = -2*s - 104. List the prime factors of y.
2, 3
List the prime factors of 6110/14 - (-52)/91.
19, 23
Let s(l) = 7*l - 1 + 6 + 3*l**2 - l**2. Let c be s(-7). Let j = c - 36. List the prime factors of j.
2, 3
Suppose 3*h - 3*l + 361 = 4*h, h = 5*l + 361. Suppose -7*f - 53 = -h. What are the prime factors of f?
2, 11
Let q(z) be the first derivative of z**4/4 + z**3/6 + z**2/2 - 3*z - 12. Let n(u) be the first derivative of q(u). List the prime factors of n(-2).
11
Let z(x) = x**3 + 27*x**2 - 36*x - 28. List the prime factors of z(-28).
2, 7
List the prime factors of 0*4/(-4) - -22*17.
2, 11, 17
Let a(j) = 3*j**2 - 24*j - 2. What are the prime factors of a(-7)?
313
Let a(h) = h**3 - 11*h**2 + 14*h + 2. Let n be a(10). Suppose -6*i + 9*i + n = 0. Let u(c) = c**2 + 9*c - 20. What are the prime factors 